0.
-173731
What is -618241 (base 10) in base 6?
-21130121
What is 2606621 (base 12) in base 3?
112001211102221
Convert 1a9304b (base 13) to base 3.
121120021001102
-962a8 (base 13) to base 8
-1020563
Convert 243232210 (base 5) to base 2.
100011000100001111111
110011110011001001 (base 2) to base 14
5746d
Convert -101011111100100000011 (base 2) to base 16.
-15f903
Convert 6385 (base 9) to base 10.
4694
Convert -1110122112120 (base 3) to base 8.
-2764207
What is 2406066 (base 7) in base 11?
198969
What is 431034302 (base 5) in base 9?
3365573
What is -49928b (base 13) in base 4?
-12232102033
-10110101001101011 (base 2) to base 14
-25b51
-3c51 (base 16) to base 9
-23156
Convert -1096a92 (base 13) to base 7.
-61224310
-725c7 (base 13) to base 2
-110010001000010001
What is -52202561 (base 7) in base 12?
-1577155
-52032451 (base 8) to base 9
-22661547
48e62 (base 16) to base 12
12496a
What is -334122 (base 7) in base 5?
-3342221
-8118 (base 11) to base 6
-121540
65373 (base 10) to base 15
14583
What is 172a402 (base 11) in base 14?
568228
Convert -491b03 (base 14) to base 15.
-3464b3
What is -8b36a (base 12) in base 3?
-100102100001
-493663 (base 12) to base 14
-22cd87
What is -330011303 (base 4) in base 6?
-5135255
What is -88812 (base 13) in base 8?
-743207
Convert -45021213 (base 6) to base 16.
-14b089
Convert 1251022 (base 6) to base 14.
1b18a
-4120412 (base 6) to base 8
-601030
What is 62c8 (base 15) in base 16?
5198
22011210220 (base 3) to base 16
274cb
-1b1a35 (base 12) to base 8
-1651611
What is 79675 (base 12) in base 10?
161657
What is -20022202021201 (base 3) in base 7?
-40365352
-73690 (base 14) to base 11
-180223
5114040 (base 7) to base 14
11bc57
What is -110213334 (base 5) in base 6?
-14112050
1020124 (base 5) to base 10
16914
3441224301 (base 5) to base 3
112121011002011
What is 311413224 (base 5) in base 7?
13605262
Convert 43415113 (base 7) to base 4.
32023311322
-274147 (base 8) to base 7
-550634
-17034402 (base 8) to base 5
-2002244004
What is -441551 (base 6) in base 16?
-8f6b
-120220022212 (base 3) to base 8
-1143224
13f18 (base 16) to base 4
103330120
What is 3508112 (base 9) in base 10?
1895492
What is 636c9b (base 13) in base 16?
2388cb
What is -8911466 (base 10) in base 14?
-127d894
What is 344b24 (base 13) in base 6?
42315104
What is -18607 (base 11) in base 5?
-1313042
Convert 20020332312 (base 4) to base 13.
5993b5
Convert -130345353 (base 6) to base 5.
-1123033112
Convert 1010021021 (base 3) to base 6.
250054
364e2 (base 15) to base 4
222102311
Convert 2c65a54 (base 13) to base 8.
66414374
Convert -1010010110011001010 (base 2) to base 7.
-2611523
532587 (base 9) to base 12
13345a
-691cd7 (base 16) to base 10
-6888663
154553501 (base 6) to base 5
1321441414
Convert 1730a (base 15) to base 3.
10210210101
What is -453150 (base 6) in base 11?
-26857
What is -11010010010101000101 (base 2) in base 11?
-5392a0
Convert 1202642 (base 7) to base 16.
252d1
Convert -134334324 (base 5) to base 2.
-10101010101111001011
What is -101131321 (base 4) in base 8?
-213571
1310002242 (base 5) to base 13
882140
What is 793c18 (base 15) in base 14?
aa7c9c
Convert 146643302 (base 7) to base 15.
d0157b
What is -60b93 (base 12) in base 15?
-27576
33332033131 (base 4) to base 7
50406202
Convert 24592 (base 11) to base 5.
2112222
101131230 (base 4) to base 2
10001011101101100
Convert 3022231001 (base 4) to base 7.
10025423
-1442144 (base 7) to base 5
-22221443
-2113150 (base 7) to base 10
-255619
What is 15213573 (base 9) in base 12?
264b403
Convert -612533 (base 11) to base 8.
-3602272
What is 102b7 (base 12) in base 14?
79d9
Convert 123962 (base 15) to base 5.
210412432
What is 14948d6 (base 14) in base 3?
200220001100020
-356045 (base 9) to base 16
-3455f
Convert 114818 (base 13) to base 2.
1100100000110011111
What is -99041 (base 10) in base 14?
-28145
Convert 56581 (base 12) to base 3.
12211120021
What is -1503453 (base 6) in base 13?
-30402
1017051 (base 9) to base 7
4421350
2cdd8c (base 15) to base 12
889766
380191 (base 10) to base 12
164027
625131 (base 9) to base 10
371170
What is 343baa2 (base 12) in base 15?
d339a8
Convert 696661 (base 11) to base 13.
2c9a58
-10202021202100 (base 3) to base 10
-1993635
What is 13225453 (base 6) in base 10?
439305
Convert -2b307b8 (base 12) to base 3.
-121111200120112
-33033131202 (base 4) to base 5
-2010323430
Convert -178b2 (base 12) to base 2.
-1000010101000110
Convert -11079521 (base 10) to base 6.
-1033250025
-14b76 (base 13) to base 11
-27592
5560 (base 9) to base 8
10010
Convert 160b49 (base 15) to base 10.
1065669
373376 (base 8) to base 15
28246
-a2cd3 (base 15) to base 5
-113002043
43621464 (base 7) to base 8
16242604
What is 135788 (base 10) in base 8?
411154
Convert 214141344 (base 5) to base 14.
1a2140
-3260630 (base 7) to base 14
-a6350
Convert -14255031 (base 6) to base 7.
-4106446
What is -47442 (base 12) in base 3?
-11212020012
12042001002 (base 5) to base 14
1c0bad2
-1791d7 (base 14) to base 9
-1507031
5418a3 (base 13) to base 3
10201022100121
Convert 150110 (base 9) to base 4.
112130220
What is a22b65 (base 13) in base 14?
704340
Convert -38650bb (base 13) to base 5.
-14003231101
Convert 316072 (base 9) to base 6.
4011015
1250524403 (base 6) to base 4
320300211303
Convert 3140450 (base 6) to base 10.
153102
Convert -7d779 (base 15) to base 2.
-1100001101001000011
100000001100010110 (base 2) to base 13
48033
Convert 1045604 (base 7) to base 8.
374362
211121001011 (base 3) to base 12
195441
Convert -542600 (base 7) to base 13.
-340b5
Convert -1442440104 (base 5) to base 13.
-a58661
-4519a (base 11) to base 7
-361546
Convert -1990b (base 13) to base 6.
-1022510
What is 2402103 (base 8) in base 13?
19ca43
2176080 (base 9) to base 16
11e350
Convert 111412112 (base 7) to base 8.
31663056
What is 131236 (base 8) in base 12?
22566
-10203 (base 4) to base 10
-291
Convert 6cf8d (base 16) to base 13.
128217
-230012023 (base 4) to base 15
-387b4
-4221120 (base 5) to base 8
-211020
What is 1121010221010 (base 3) in base 10?
849234
What is -111202220111 (base 3) in base 8?
-1021420
-2110031031 (base 4) to base 9
-1124643
-1011000000110110001100 (base 2) to base 3
-12102200021212
2cd7c6 (base 14) to base 4
12000033202
Convert 304122311 (base 5) to base 8.
4564051
What is -12010011212110 (base 3) in base 16?
-29803b
42a8b4 (base 12) to base 14
1d6876
What is -1120012212020 (base 3) in base 6?
-25451010
-15824a (base 16) to base 10
-1409610
101011110111001101 (base 2) to base 14
4968d
1304302 (base 7) to base 11
106464
What is 10b6b (base 16) in base 3?
10110220112
What is -1410510 (base 9) in base 12?
-314330
573a3 (base 14) to base 9
352746
145128 (base 10) to base 11
9a045
-4c720 (base 16) to base 3
-120220112001
-1a1235 (base 12) to base 11
-293320
Convert -202430062 (base 7) to base 16.
-b4a78f
Convert -4eec8 (base 15) to base 8.
-756240
What is -21032010131 (base 4) in base 3?
-11112210101202
What is -94979a (base 15) in base 5?
-3302201340
What is 111000100110001 (base 2) in base 6?
342053
What is -1020546 (base 10) in base 5?
-230124141
-1764209 (base 10) to base 7
-20665316
What is 6ba44c (base 15) in base 14?
980075
123293a (base 12) to base 6
204034114
1330454 (base 6) to base 5
4332200
Convert -29734 (base 11) to base 5.
-2322040
-931269 (base 12) to base 9
-4301180
-21330221 (base 4) to base 6
-512345
What is -10221340043 (base 5) in base 9?
-22164612
-112321031 (base 4) to base 7
-540251
What is 21110112010010 (base 3) in base 15?
535433
What is 26670 (base 15) in base 16?
1e04b
Convert 2031253 (base 7) to base 10.
242980
What is 11011101110011001001011 (base 2) in base 8?
33563113
What is 21000112212101 (base 3) in base 6?
211544444
What is -2152d (base 14) in base 12?
-3a785
-32421133 (base 5) to base 6
-5554103
30320132 (base 6) to base 14
18773a
What is 2a66130 (base 11) in base 16?
501a52
7677 (base 8) to base 13
1ab1
What is -143558 (base 10) in base 8?
-430306
-ecb91 (base 15) to base 12
-303131
What is 10001000001000000000 (base 2) in base 16?
88200
Convert -24213431 (base 5) to base 12.
-aaa30
Convert 30012123 (base 4) to base 16.
c19b
21948 (base 16) to base 11
94380
What is -659049 (base 10) in base 9?
-1214036
Convert 30006 (base 7) to base 11.
5464
What is 789842 (base 10